59/(-19) - (-122)/1159 - -39837.
2, 3, 2213
Suppose 2*s + q - 12631 = 6*s, 0 = -3*s + q - 9474. Let i = s + 4869. List the prime factors of i.
2, 107
Let f = -285 + 283. What are the prime factors of 36/12 + (3 - (-1067 + f))?
5, 43
Suppose 62*i = 36*i + 38*i - 41952. What are the prime factors of i?
2, 19, 23
What are the prime factors of 4/(-2)*3202/(-4)?
1601
Let c be ((-5)/15*11)/((-2)/24). Let d = 256 - c. What are the prime factors of d?
2, 53
Let w = 5307 + -114. List the prime factors of w.
3, 577
Suppose 8*n = 9*n + 3, 4714 = j - 3*n. What are the prime factors of j?
5, 941
Let y = 164738 - 108318. What are the prime factors of y?
2, 5, 7, 13, 31
Let p = 181 + -82. Let b = p - 96. List the prime factors of ((-2)/b)/(-5 - (-1333)/267).
89
Suppose 3*i + 209655 = 4*a, a = -4*a + 5*i + 262060. What are the prime factors of a?
3, 101, 173
Suppose -251 - 142 = -3*x. Let d be 98/(-42)*((-12)/(-2) + -3). Let j = x - d. What are the prime factors of j?
2, 3, 23
Suppose 67 = 10*u - 13. Suppose 3*c + 255 = 4*k, -5*c - 187 = -4*k + 78. Suppose -u + k = 4*n. What are the prime factors of n?
13
Suppose -11 = -z - 4*p, p + 22 = 4*z + 6*p. Suppose s + 5*n = 17 + 142, -5*s = -z*n - 907. List the prime factors of s.
179
Let y(d) = -d**2 + 12*d - 15. Let g be y(10). Suppose g*p - 2 = 78. Suppose 2*l = 130 + p. List the prime factors of l.
73
Suppose -3*m = 2*j - 29348, 10*m - 14*m + 4*j = -39164. List the prime factors of m.
2, 3, 7, 233
Let t = 49 + -46. Suppose t + 1 = i. Suppose i*q - 4*v + 172 = 6*q, v + 485 = 5*q. List the prime factors of q.
2, 3
Suppose 4*t + 850 = 886. What are the prime factors of (-2)/t - (-6034)/18?
5, 67
Let f = -333 - -341. Suppose -3*p + 909 = 2*k, 2*k - f*p = -10*p + 910. List the prime factors of k.
2, 3, 19
Suppose -2495 = 5*y - 330. Let r = y - -771. Suppose -3*w = -r - 67. List the prime factors of w.
3, 5
Let r = -24753 + 40426. What are the prime factors of r?
7, 2239
Let g = 27223 + -12262. What are the prime factors of g?
3, 4987
Let y = -3408 + 3743. What are the prime factors of y?
5, 67
Let g be 5 + ((-6)/24 - (-7)/(-4)). Suppose 4*h - g*p = 862, 0 = -2*p + 2 - 6. List the prime factors of h.
2, 107
Suppose -k = -3*k - 150. Let p = k + 84. What are the prime factors of 4 + (2 + p)*6?
2, 5, 7
Let g(h) = -h + 6. Let u be g(-7). Suppose 4*c - u - 115 = 0. Suppose -4 = 4*d - c. What are the prime factors of d?
7
Suppose -9*t + 23108 = -6*t - 5896. What are the prime factors of t?
2, 2417
Let n(p) = -157*p + 3869. What are the prime factors of n(-38)?
5, 7, 281
Suppose 285*i + 1375 = 280*i. Let p = i - -778. List the prime factors of p.
503
Let j(b) = 33*b - 430. Let r be j(12). Let g(p) = 3*p**2 + 90*p + 77. What are the prime factors of g(r)?
5, 97
Let o = 13863 + -9693. What are the prime factors of o?
2, 3, 5, 139
Let o = 3016 + 1084. List the prime factors of o.
2, 5, 41
Let o be (3/(-6)*2)/(12/1152). List the prime factors of (-48)/o*(-1402)/(-1).
701
Let o(l) = -2*l**3 + l**2 + l. Let v be o(-5). Let c = 1461 - v. List the prime factors of c.
3, 397
What are the prime factors of 9/(-24)*-16438 + 40/(-160)?
2, 23, 67
Suppose 7 = 3*s - 17. Suppose -33 = -s*r + 39. Suppose -951 = -r*j - 186. List the prime factors of j.
5, 17
Suppose 2*x + 5*h + 6 = 0, 5*x - h = 6*x. Let j(s) = 10*s**3 - 5*s**2 + 9*s - 5. List the prime factors of j(x).
73
Suppose 16731*q + 19260 = 16743*q. What are the prime factors of q?
3, 5, 107
Let y(o) = 58*o**3 + 2*o**2 - 7*o - 30. Let z be y(6). Suppose -15*t - 14*t + z = 0. What are the prime factors of t?
2, 3
Let n be 14/8 - 2/(-8). Suppose -2*d - 5*r = -985, 3*d + n*r - 1473 = -r. What are the prime factors of d?
2, 5, 7
Let g = -38491 - -59018. What are the prime factors of g?
13, 1579
Let q(l) = -l - 2. Let x be q(-18). Suppose 4712 = 3*k + x*k. What are the prime factors of k?
2, 31
Suppose 5*c + 112 = x, 5*x = 4*c + 579 - 103. Let t be 12/(-20) - ((-39)/15 - -7). Let n = x + t. What are the prime factors of n?
3, 29
Suppose -13274 = -6*d + s + 217212, 0 = 3*d + 5*s - 115265. List the prime factors of d.
3, 5, 13, 197
Let z be -5*(-16)/40 + -10. List the prime factors of (-48 + 0)/z + 1332.
2, 3, 223
Suppose -4*x + 10244 = -6912. List the prime factors of x.
4289
Suppose -4*k + 11*a - 12*a = 1, 3*a + 3 = -3*k. Let s(o) = 10*o + 360. What are the prime factors of s(k)?
2, 3, 5
Let y be (-1)/8 + 14/112. Let u be -2*(-2)/8*y. Suppose -1106 = -7*n - u*n. List the prime factors of n.
2, 79
Suppose 11*h - 4*j - 44712 = 0, 4*h - 2*j - 16264 = 2*j. What are the prime factors of h?
2, 127
Let l = -381 + 1212. What are the prime factors of -8 + l + -5 + -4?
2, 11, 37
Suppose 5*p + 36 = -369. List the prime factors of 3 - (0 - 55/(-15))*p.
2, 3, 5
Let w = 1851 + 19405. What are the prime factors of w?
2, 2657
Let t = -20 - -28. Suppose -t*o - 12 = -10*o. Suppose -4*n + 4*w + 328 = 0, 0 = -3*n - o*w + 2*w + 211. What are the prime factors of n?
7, 11
Suppose 3*u + x = -2*x + 327, u + 3*x = 117. List the prime factors of 19770/u + (-3)/(-21)*-2.
2, 47
Let t(n) = -480*n + 1056. What are the prime factors of t(-7)?
2, 3, 23
Let v be (-4 + 4)/(0 - -1). Suppose q + 3*a - 594 = v, -28*a - 1766 = -3*q - 29*a. What are the prime factors of q?
2, 3, 7
Suppose -9*n + 288 = 90. Let x(y) = -y**2 + 37*y - 6. List the prime factors of x(n).
2, 3
Let y = -10934 - -10986. List the prime factors of y.
2, 13
Suppose 0*c = -10*c + 3100. Suppose -c = -5*h + 5*q, -18*q - 10 = -23*q. What are the prime factors of h?
2
Suppose 5*y + 568 = 2*p - p, 4*y = -5*p + 2724. Suppose 4*h - 4*g = -h + 696, g = 4*h - p. Let w = h - 34. What are the prime factors of w?
2, 3, 17
Suppose -12 = 5*s - 4*s. Let d = s - -28. Let b(f) = -f**3 + 16*f**2 + 6*f + 14. List the prime factors of b(d).
2, 5, 11
Let p(f) = -7. Let d(s) = 8. Let b(r) = 6*d(r) + 7*p(r). Let k(c) = -106*c + 2. Let h(u) = 4*b(u) + k(u). List the prime factors of h(-1).
2, 13
Let p = 10735 - 15465. List the prime factors of (-40)/5 - p/5.
2, 7, 67
Let v be (-2 - 4)*(2/(-3) - -2). Let y be (36/27)/(v/(-18)). Suppose -3*o = y*o - 564. List the prime factors of o.
2, 47
Let h = -352 - -531. Suppose 3*f - 2*b = -334 - 53, b - 3 = 0. Let u = h + f. What are the prime factors of u?
2, 13
Let w(r) = -r**3 + 65*r**2 + 7*r - 69. What are the prime factors of w(64)?
5, 179
Let w = -163 - -166. Suppose -37 - 20 = -3*t + 3*m, -4*m = -w*t + 62. List the prime factors of t.
2, 7
Let j = 291 + -271. Let d be 6/((-2)/(-2)) - 2. List the prime factors of (16/5)/d*j.
2
Let x(o) = 7*o**3 + 6*o**2 - o. Let g(z) = -z**3 - z. Let s(p) = 6*g(p) + x(p). Let i be s(-7). Suppose i*y - 380 = -5*y. List the prime factors of y.
2, 19
Let x = -282 - -280. List the prime factors of 40/18 + x - 202771/(-279).
727
Let p(n) = 551*n**2 + 13*n + 187. What are the prime factors of p(-7)?
5, 5419
Let r = 514 - 301. Suppose -2*y - 199 - 889 = -5*t, t - r = 5*y. List the prime factors of t.
2, 109
Let s(t) be the second derivative of t**5/20 - t**4/4 - 4*t**3/3 + 2*t**2 + 2*t. Suppose 0 = 5*f + c + 7 - 36, -5*c + 19 = 4*f. List the prime factors of s(f).
2
Suppose -31224 = -4*t + 5*y, -73*t + 7821 = -72*t - 5*y. List the prime factors of t.
29, 269
Let y be -69*(-2 + (-20)/(-6)). Suppose 78 = -a - 150. Let w = y - a. List the prime factors of w.
2, 17
Let j be (-1 - -2)*(-4 - (-5 + 1)). Suppose j = 4*y - y - 2*i, i - 1 = 2*y. List the prime factors of (-230)/(-20) + 1/y.
11
Suppose 2*q = 5*r + 64, -q + 3 = 6. What are the prime factors of r/5 + 2 - 7934/(-5)?
2, 13, 61
Let o(d) = 4*d**2 + 44*d + 6. Suppose m = 12 - 4. List the prime factors of o(m).
2, 307
Let a = 14194 + -8968. List the prime factors of a.
2, 3, 13, 67
Suppose 10*d = -18*d - 15*d + 844090. List the prime factors of d.
2, 5, 13, 151
Let f(m) be the first derivative of -m**5/15 + 3*m**4/4 - 2*m**3/3 + 27. Let k(r) be the third derivative of f(r). What are the prime factors of k(-20)?
2, 89
Let i(t) = t**2 + 16*t + 10. Let x be i(-6). Let w = 94 + x. Let k = w - -6. List the prime factors of k.
2, 5
Suppose -g + 3*a = 3*g - 4, 0 = -2*g - 2*a + 16. Suppose g*u - u - 6 = 0. Suppose 0*s - u*s + 16 = 0. What are the prime factors of s?
2
Let d = -332 + 332. Suppose -3*q + 2*z + 1499 = d, 19 = 3*z + 4. List the prime factors of q.
503
Let